s the remainder when g is divided by 4?
2
What is the remainder when 65 is divided by (-20)/5 + 1 + 25?
21
Let h be (18/(-9) + 2/2)*1. Calculate the remainder when (h - (-274)/8) + (-51)/(-68) is divided by 9.
7
Let v(h) = -6*h - 6. Let u be v(-6). Suppose 6 - u = -s. Calculate the remainder when 69 is divided by s.
21
Let u = -162 - -198. Let v(s) = 3*s - 3. Calculate the remainder when u is divided by v(8).
15
Suppose -n - 1 = -3. Suppose -4*x - 2*a + 4*a = -18, -x + 2 = -a. What is the remainder when x is divided by n?
1
Suppose -2*t + 2*s - 426 = -5*t, t + 2*s = 146. Calculate the remainder when t is divided by 47.
46
Let b(s) = -2*s**3 - 3*s**2 - 13*s + 15. Calculate the remainder when b(-5) is divided by 88.
79
Let h(g) = 4*g**2 - 13*g + 9. Calculate the remainder when 141 is divided by h(4).
15
Let b = 77 + -94. What is the remainder when (-2)/(-7) - (-795)/35 is divided by -1*1*1 + b + 26?
7
Suppose -3*q = -5*k + 137, 32*k + 4*q - 116 = 28*k. What is the remainder when 30 is divided by k?
2
Let i(b) = -b**2 + 13*b - 9. Calculate the remainder when i(6) is divided by (1 + -37)*84/(-252).
9
Suppose 0*t + 2*t = -2*v + 76, -120 = -3*v + 3*t. Let r = v + -3. What is the remainder when r is divided by 10?
6
Suppose 22 = -5*c + 102. Let s = -9 - -10. Let p = 28 + s. What is the remainder when p is divided by c?
13
Suppose 18*z - 31 = 23. Suppose -3*v = g - 9, -6 = -3*v + g + 9. Calculate the remainder when v is divided by z.
1
Suppose -4*b + 3*i + 18 = 5*i, -4*b + 2*i + 14 = 0. Let c(o) = -10 + o**2 + 0*o + b*o - 3*o - 4*o. Calculate the remainder when 69 is divided by c(7).
15
Suppose -w = -0*w - 5. Let o(b) = -b**3 + 5*b - 3*b - 4 + 3*b**2 + 5*b**2 - 5*b**2. Calculate the remainder when w is divided by o(3).
1
Suppose 4*u - 92 = -m, 6*u = u + m + 115. Let d(r) = -4*r**3 - 23*r**2 + r - 17. Calculate the remainder when u is divided by d(-6).
10
Suppose 0 = 18*q + 6*q - 2448. What is the remainder when 401 is divided by q?
95
Suppose -18 = -12*n + 330. What is the remainder when 109 is divided by n?
22
Suppose -3*d - 43 + 187 = 0. Calculate the remainder when d is divided by 27.
21
Let y = 5 + 25. Calculate the remainder when y is divided by (-15)/(-6)*(-160)/(-25).
14
Let s(q) = -3*q + 51. Let k = -17 - -19. Calculate the remainder when s(16) is divided by k.
1
Let v(u) = 7*u**2 + 11*u - 14. Calculate the remainder when v(4) is divided by 8.
6
Suppose -6*s = -7*s + 18. Suppose 2 + 10 = 4*w. What is the remainder when s is divided by w/((-24)/(-15) + -1)?
3
Suppose 216 - 546 = -10*s. What is the remainder when 98 is divided by s?
32
Let m = -88 + 135. What is the remainder when 176 is divided by m?
35
Calculate the remainder when 116 is divided by ((-12)/14)/((-15)/70) - -11.
11
Let r = 34 + -14. Let y = 38 - r. Let h = 14 - 4. Calculate the remainder when y is divided by h.
8
Let k be (-5)/(-5) - (11 - 1). What is the remainder when 46 is divided by (3/k)/((-5)/36)*5?
10
What is the remainder when 42/((-9)/(-3))*(-100)/(-8) is divided by 8?
7
Let h(c) = -4*c. Let y be h(-1). Suppose -m + 4*w = -5, 0*m + 4*w - 1 = -5*m. Let b = m + y. Calculate the remainder when 17 is divided by b.
2
Calculate the remainder when 159 is divided by 341/62*(-240)/(-22).
39
Suppose 4*m = 3*n + 18 - 71, 2*n = -5*m - 3. Let d = 169 - 117. What is the remainder when d is divided by n?
8
Suppose 33 = -3*y + 819. Calculate the remainder when y is divided by 22.
20
Let d = -1700 + 1706. Calculate the remainder when 249 is divided by d.
3
Let i(f) = 4*f - 15. Let b be i(-15). Calculate the remainder when (-1*19)/(15/b) is divided by 49.
46
Let x = 240 + 60. Suppose -3*d - d = -x. What is the remainder when d is divided by 11?
9
Let t = -551 + 665. What is the remainder when t is divided by 13?
10
Let z = -8 - -26. What is the remainder when (z/(-5))/(1*2/(-50)) is divided by 23?
21
Suppose -4*t + 9 = -3*t. Let a = 20 + -19. What is the remainder when ((-6)/15)/(a/(-65)) is divided by t?
8
Let w = 7 - 14. Let i = w - -15. What is the remainder when (i/(-10))/((-1)/25) is divided by 11?
9
Suppose -68*k + 69*k - 30 = 0. Calculate the remainder when 83 is divided by k.
23
Let m(n) = -3*n + 2*n + 11*n + 1. What is the remainder when m(4) is divided by 3?
2
Let d be ((-4)/(-3))/((-10)/15) + -34. Let m = -27 - d. What is the remainder when m is divided by 4?
1
Let m(c) = 2*c**2 + 8*c + 4. Let p be m(-4). What is the remainder when (90/(-21))/((-1)/7) is divided by 12 + 1/(-1 - p - -4)?
8
Let s(d) = d**2 - 9*d + 15. Let y(c) = c**2 + 3*c - 4. Calculate the remainder when s(10) is divided by y(3).
11
Calculate the remainder when 44 is divided by (14/42 + 1/3)*27.
8
Suppose -1002 = -369*o + 363*o. What is the remainder when o is divided by 85?
82
Let m = 9 - 28. Let i(r) = -r**3 - 19*r**2 + r + 23. Calculate the remainder when 13 is divided by i(m).
1
Let q(r) be the second derivative of 7*r**3/3 - 7*r. Let y be q(1). Calculate the remainder when 9 is divided by (4/y)/((-1)/(-14)).
1
Suppose 18*v - 30 + 3 = 99. Let r be (-302)/18 - (-2)/(-9). Let b = -12 - r. Calculate the remainder when v is divided by b.
2
Suppose -v + 3 = 2*v. Let f = -8 - v. Let w = -4 - f. What is the remainder when 19 is divided by w?
4
Let t(c) = 10*c**2 - 7*c + 31. Let p be t(11). Calculate the remainder when p/16 + (-2)/(-8) is divided by 13.
8
Let b = 0 - -53. Calculate the remainder when b is divided by (-3 - (0 + -7)) + 10.
11
Suppose 3*x + 637 = -4*l, 390 - 1238 = 4*x + 4*l. Suppose 4*m = -5*h + 74, -5*h = 5*m - 42 - 28. Calculate the remainder when 5 - 39/9 - x/3 is divided by h.
17
Let l be (-9)/(-5) + (6/(-10))/(-3). Suppose -3*c = 3*i - 303, -5*c = -l*i + 3 + 171. What is the remainder when i is divided by 33?
31
What is the remainder when (-30)/(-40)*(-552)/(-18) is divided by 8?
7
Let g(r) = -r**3 - 3*r**2 - r - 3. Let c = -7 + 11. Suppose 2*p + 5*z = -33, 6*z + c = 4*p + 2*z. What is the remainder when 48 is divided by g(p)?
14
Let f(x) be the first derivative of -x**3/3 + 4*x + 2. Let c be f(0). Suppose -5*p = c*l - 138, 15 = -5*l - 0. Calculate the remainder when 58 is divided by p.
28
Let z(v) = -v**2 + 34*v - 101. What is the remainder when 454 is divided by z(30)?
17
Let z be (2 + -1)*-2*22/(-4). Suppose -h + 2 = -t - z, t = 5*h - 73. Calculate the remainder when 54 is divided by h.
9
Calculate the remainder when 43320/140 - (-4)/7 is divided by 78.
76
What is the remainder when 23 is divided by 5 - 3*(13/3 + -5)?
2
Let i(m) = 2*m**3 - 4*m**2 - m + 1. What is the remainder when 124 is divided by i(3)?
12
Suppose 3*n = -2*v + 415, -n + 4*n + v - 416 = 0. What is the remainder when n is divided by -1*(-2)/4*70?
34
Let w(m) = 9*m**3 + m**2 - 5*m - 7. Calculate the remainder when w(3) is divided by 26.
22
What is the remainder when 826 is divided by ((-5 - 4) + 6)/((-3)/18)?
16
Suppose x = -0*x + 59. Let a(s) = 3*s**2 + 30*s + 31. Calculate the remainder when x is divided by a(-10).
28
Let t(f) = 26*f - 205. What is the remainder when t(16) is divided by 22?
13
Let s = 91 - -138. What is the remainder when s is divided by 115?
114
Let r(l) = -2*l**3 - 16*l**2 + 6*l - 7. What is the remainder when r(-9) is divided by 40?
21
Suppose m = -5*l + 5*m - 1, -5*l + 5*m = 0. Let h = 4 - l. Suppose -28 = -4*g + 3*a, -h*a - 14 = -2*g - a. Calculate the remainder when 13 is divided by g.
6
Let t(o) = 59*o + 17. Let q(m) = 4*m - 1. Let f be q(-2). Let d(h) = 15*h + 4. Let a(n) = f*d(n) + 2*t(n). Calculate the remainder when 44 is divided by a(-1).
14
Suppose -3*q = -6, -5*i + 0*q = -2*q + 24. Let h = 2 - i. Suppose h*r - 3*r - 36 = 0. What is the remainder when 45 is divided by r?
9
Suppose 3*r - 65 = 1. Suppose -4*i - i = -a + r, 88 = 4*a - 5*i. Suppose -15 + 45 = 5*w. What is the remainder when a is divided by w?
4
Suppose -z = -3*q + 17, 4*z + 20 = 3*q - 12. Suppose -4*t = -5*t - 4*s + q, s - 46 = -4*t. Let j = -9 + t. What is the remainder when j is divided by 1?
0
Let j(z) = z**3 - 2*z + 4. Let g be j(2). Suppose -3*x = f + g, 0 = 2*x + 2*x - 3*f - 11. Calculate the remainder when x/(-3) + (-55)/(-15) is divided by 1.
0
Let u = -144 - -161. Suppose -3*m + 3*h + 2*h + 257 = 0, 0 = 4*m - 5*h - 336. What is the remainder when m is divided by u?
11
Let y = -232 + 247. Calculate the remainder when 6